Calculate s(t).
-12
Let t(k) = -3*k + 4. Let w = 19 + -16. What is t(w)?
-5
Let s(i) = i**2 - 4*i. Let d(u) = -u**3 + u**2 + 4. Let w be d(0). Let t be s(w). Let a(r) = r**2 - r + 2. Calculate a(t).
2
Let p(y) = y**2 + 3*y. Let s be p(-3). Let u(w) be the first derivative of -1/2*w**2 - 2*w + 1/4*w**4 + s*w**3 - 2. What is u(0)?
-2
Suppose 2*p = -3*a - 20, -2*a - 28 = 3*p - 8. Let g(c) = -c**2 - c - 2. What is g(p)?
-14
Let b(u) be the second derivative of -u**5/20 - u**4/3 - 2*u**2 - 8*u. What is b(-3)?
-13
Let m(s) = 3*s**2 + s. Suppose 2*g + 4*n - 18 = 0, -2 = g + n - 7. Determine m(g).
4
Let z(n) = 10*n**3 + 2*n**2 - 1. Let s(r) = -r + 2. Let h be ((-8)/(-3) + -2)*3. Let b be s(h). Let j(q) = -q**2 - 1. Let l be j(b). What is z(l)?
-9
Let u(h) = 2*h**2 - 6*h + 4. Let k be 3 - ((-15)/3 + 1). Let g = 11 - k. Determine u(g).
12
Let h = 8 - 6. Let a be (6 - h)/(1 + -2). Let j(c) = -2 - 6 - 5*c + 2 + 2*c - c**2. What is j(a)?
-10
Let l = 0 + -2. Suppose -4*y = -2*y. Let a(n) = n + 0*n - n**3 + y - 1. Calculate a(l).
5
Suppose 16*y - 19 = -83. Let w(m) be the third derivative of m**6/120 + m**5/10 + m**4/4 + m**3/6 + m**2. Calculate w(y).
9
Suppose -4*f + 8 = -5*f. Let k be (-2)/8 + (-66)/f. Suppose 6*q = 2*q - k. Let x(z) = -z**3 - z**2 - z + 2. Calculate x(q).
8
Let n(z) = z**3 - 6*z**2 + 1. Let w = -4 - -3. Let s = 5 - w. Calculate n(s).
1
Let i be 0/((-20)/(-4) - 3). Let r(m) = m**2 - 2. Calculate r(i).
-2
Let x(r) = -224*r**2 - 4*r - 3 + 227*r**2 + 2*r + r**3 - 2*r. Let j(n) = -3*n - 1. Let d be j(1). Calculate x(d).
-3
Let l(o) = -o**3 - 7*o**2. Let c(p) = -7*p**2. Let j be c(1). Let d be l(j). Let u(r) = -r + 5. Calculate u(d).
5
Let x(l) = l**3 - 4*l**2 - 3*l - 5. Let z be 24/14 + (-4)/(-14). Let b(o) = o**2 + 1. Let w be b(z). What is x(w)?
5
Suppose 5*x - 36 = -21. Let v(l) = -2 + 0*l - l - x*l + 2*l. Let u(f) = -f**3 - 4*f**2 + 5*f - 2. Let p be u(-5). What is v(p)?
2
Suppose 34*u + 12 = 37*u. Let s(j) = 17 - 6*j**2 + j**2 - 3*j**3 - j - 3*j**2. Let c(g) = 5*g**3 + 12*g**2 + g - 26. Let o(v) = 5*c(v) + 8*s(v). What is o(u)?
-6
Let h(p) = 2*p + 3. Let v(n) = 2*n + 3. Suppose -4*a - 20 = 0, 2*a + 3 = -w - 12. Let f(c) = w*h(c) + 6*v(c). Determine f(-4).
-5
Let c be 2/(-6) - (-156)/36. Let g(p) = 29 - c*p + 13*p - 26. Determine g(-2).
-15
Let h(k) = -k**3 - 2 - 16*k**2 + 0 + 15*k**2. Give h(-2).
2
Let o(c) = -c**2 + c. Let j(u) = -5*u**2 + 2*u. Let k(i) = j(i) - 6*o(i). Suppose p - 10 = 2*g, 4*g + g = -3*p + 19. Let w = -4 + p. Calculate k(w).
0
Let t(w) = -w**2 + 3*w + 5. Suppose -5*y + 30 = 5*h, -10 = -h - 4*h. What is t(y)?
1
Suppose -2*g - 3 + 1 = 0. Let z(n) = -3*n + n - n. Determine z(g).
3
Let k(d) = d**2. Let c(w) = 6*w**2 + 4*w + 2. Suppose -5*v - 4*t = 18, 4*v - t + 0 + 6 = 0. Let f be c(v). Let r be 32/f - 6/(-27). Give k(r).
4
Let r(y) be the first derivative of -y**6/360 - y**5/24 - y**4/12 - 4*y**3/3 - 6. Let p(b) be the third derivative of r(b). Give p(-4).
2
Suppose -2*n + 2*z + 4 = -n, 3*n = 3*z + 6. Let a(q) be the first derivative of -q**2/2 + 2*q + 1. Determine a(n).
2
Suppose 0*l = 3*l. Let s(z) = 3*z**3 - 4*z**2 + 5*z + 3. Let u(i) = -4*i**3 + 5*i**2 - 6*i - 4. Let m(q) = -5*s(q) - 4*u(q). Give m(l).
1
Let g(m) = -2*m**2 - 5*m - 2. Let w be 10/(-75) - 163/15. Let j = w + 8. Give g(j).
-5
Let g(j) = -j**2 + j + 10. Let s(t) = 0 + 1 - 3*t + 2*t. Let w(l) = -g(l) + 5*s(l). Calculate w(6).
-5
Let h = 44 + -40. Let u(f) = -f + 4. Give u(h).
0
Let w be (6/(-8))/(6/(-16)). Let g = w - 0. Let d(x) = x**2 - 4*x + 3. Give d(g).
-1
Let l(o) = o**2. Let x(f) = -4*f**2 - 5*f - 4. Let w(g) = 3*l(g) + x(g). Calculate w(-5).
-4
Let h be 14/6 + 1/(-3). Suppose -g = h + 2. Let t(q) = 7*q**2 + 9*q + 9. Let y(z) = -4*z**2 - 4*z - 5. Let u(b) = -3*t(b) - 5*y(b). What is u(g)?
10
Let y(m) be the second derivative of m**3/6 + 3*m**2/2 + 2*m. Give y(-3).
0
Let y(q) be the third derivative of 0*q + 0 + 1/60*q**5 + 1/6*q**3 - q**2 - 1/6*q**4. Let a(v) = 3*v**2 - 6*v + 5. Let u be a(2). Give y(u).
6
Let c(l) = l + 2. Let i = 1 - 4. Let u = i - -5. Calculate c(u).
4
Let h(l) be the first derivative of -2 - 2*l**2 - 1/3*l**3 - 6*l. Give h(-4).
-6
Let i(t) = 3*t**3 - 3*t**2 - t + 2. Let x(r) = -r**3 - 8*r**2 + 2. Let z = 11 + -19. Let w be x(z). Determine i(w).
12
Let d(o) = 4*o. Let n be (-54)/(-66) - (4/(-22) - 0). Calculate d(n).
4
Let s(o) = o. Let w be (4*(-1 + 0))/(-4). What is s(w)?
1
Let s be 4/(-10)*(-6 - -1). Let t(n) = -s - 3 + n - 3*n. Determine t(-4).
3
Let y(o) = -1 + 0 - o + 4 - 4. Determine y(-5).
4
Let k(d) = -d**2 - 2*d + 3. Let h(r) = 7 - 1 + 1 + r - 5. Let j be h(-6). Give k(j).
-5
Let u(j) = j - 11. Let f(a) = -a - 4. Let y be f(-5). Let m(s) = -1. Let l(w) = 1. Let i(q) = -3*l(q) - 2*m(q). Let r(h) = y*u(h) - 5*i(h). What is r(3)?
-3
Let t(c) be the third derivative of -c**6/360 - c**5/24 - c**4/8 - c**3/2 - c**2. Let y(r) be the first derivative of t(r). What is y(-5)?
-3
Let v(b) = 3*b. Let l = -4 - -9. Let r be 3 + 1 - (0 + 2). Suppose n + r = l*x, -3*n + 6 = -6*n - 2*x. Determine v(n).
-6
Let k(a) = -6*a**2 + 4*a + 9. Let q(r) be the second derivative of r**4/12 - r**3/6 - r**2/2 - r. Let l(n) = -k(n) - 5*q(n). What is l(-4)?
8
Let k(d) be the third derivative of -d**5/30 - d**4/24 + d**3/6 + 16*d**2. Give k(-2).
-5
Let j = -2 - -9/4. Let i(a) be the first derivative of a - a**3 - 1/2*a**2 - j*a**4 - 1. Determine i(-2).
-1
Let q(y) be the second derivative of -y**6/120 + y**5/30 - y**4/24 + y**3/6 - 3*y**2 + 4*y. Let k(i) be the first derivative of q(i). Determine k(3).
-11
Let r(i) = -i**3 + i**2 + i - 1. Let c be r(0). Let j(u) = -9*u - 1. What is j(c)?
8
Let q(s) be the second derivative of -s**4/6 - s**3/3 + s**2 - s. Let x be (0 - (-12)/(-20))*-5. Suppose -16 + 1 = 3*v - 3*y, 3*y = -x*v + 3. Give q(v).
-2
Let w = -20 - -17. Let t(i) = -2*i**2 - 2*i + 3. Calculate t(w).
-9
Suppose 0 = -3*h + 8*h. Suppose 4*p + 4*k - 4 = h, -p + 4*k = -3*p - 2. Let n(o) = -p*o + 2*o - 5 + 6. Give n(3).
-2
Let c = -29 + 31. Let z(u) = -3 + u + 0*u + 4. Let f(s) = 3*s + 2. Let t(o) = c*z(o) - f(o). Determine t(-3).
3
Suppose 4*x - 3*x = 0. Suppose -f - 5*j = -x*f - 26, 0 = j - 4. Suppose 0 = f*p - 4*p. Let a(l) = -l + 6. Calculate a(p).
6
Let o(r) = -r + 1. Let j(c) = 12*c - 6. Let t(s) = j(s) + 10*o(s). Let l(z) = z**3 + 5*z**2 + 5*z + 6. Let a be l(-4). Suppose 8 = -2*g - a. Give t(g).
-6
Let i(t) be the third derivative of -t**5/60 + t**4/3 + 3*t**3/2 - 6*t**2. Give i(7).
16
Let m(f) = f**2 + 3*f - 2. Let y(c) be the third derivative of c**5/60 + c**4/8 - c**3/3 + 2*c**2. Let q be y(-4). Give m(q).
8
Let u(k) = -2*k**3 - 14*k**2 - 16*k - 15. Let c(m) = m**3 + 7*m**2 + 8*m + 8. Let b(w) = -5*c(w) - 3*u(w). Determine b(-6).
-7
Let i(l) = l**2 + 2*l - 2. Let o(w) = w**3 - 4*w**2 - 2*w + 4. Let f be o(3). Let x = 8 + f. What is i(x)?
1
Let c(o) = o + 18. Let f be c(-10). Let m = f - 5. Let p(u) = 6*u - u**3 - 5*u**m + 6*u**2 + 1 + 7*u**3. Calculate p(-5).
-4
Let t(d) be the second derivative of d**4/12 + d**3/3 + d. Give t(-3).
3
Let n(w) be the first derivative of w**4/4 - 4*w**3/3 - 3*w**2/2 - 5*w + 20. Let y(j) = -j + 2. Let h be y(-3). What is n(h)?
5
Let a(j) = -j**2 - 9*j - 7. Let t be a(-7). Suppose -4*d = c + 16, -4*c - 18 = 2*d - c. Let o = t + d. Let h(g) = -g**3 + 4*g**2 - 1. What is h(o)?
-1
Let s(a) = 2*a - 2. Suppose 5*t + 42 = 2*i, -4*t - i = 2*i + 29. Let g = -1 - 3. Let z = g - t. What is s(z)?
6
Let l(z) = -2*z**3 - 3*z**3 - 2 + 4*z**3 - 3*z - 3*z**2 - 2. Let h = 83 - 49. Suppose -3*d - 5*q = h, 0 = q - 3*q - 10. Calculate l(d).
5
Suppose -4*a + 48 = -0*a. Let x = a - 6. Let q(l) = -2*l + 8. What is q(x)?
-4
Let z(d) = -d - 1. Let s(q) = -4*q - 11. Let y(c) = s(c) - 6*z(c). Let m(h) = 2*h + h + 3 - 5*h + 1. Let f(t) = -4*m(t) - 3*y(t). What is f(4)?
7
Let j(h) = h**3 - 4*h**2 - 4*h - 6. Let t = 36 - 26. Let s = -5 + t. Give j(s).
-1
Let s(l) = -l**3 + 3*l**2 - 1. Let t = 10 - 7. Suppose -3*r = 0, 0 = 2*a - t*r + r + 8. Let b = 5 + a. What is s(b)?
1
Let q(d) = -d**2 - 1. Let u = 11 - 8. Suppose u*j = 4*r + 14, -4*j + 2*r + 10 = -j. Let i be (j + 1)/(-1)*-1. Give q(i).
-10
Let w be (-24)/15 - (-4)/(-10). Let h be w + (-1 - (-1 + 1)). Let d = 3 + h. Let u(t) = t - 3. Determine u(d).
-3
Let j = -5 + 8. Let m(r) = -3*